4. What is the highest common divisor of w and 84?
28
Let n = 132 + -51. Calculate the greatest common factor of n and 54.
27
Suppose 22 + 46 = 3*l - 4*w, 3*l = 5*w + 70. Calculate the greatest common factor of l and 30.
10
Suppose 5*q - 332 = -3*i, -q - 4*q = i - 324. What is the greatest common factor of 8 and q?
8
Let g = -3 + 9. Suppose 5*f = 9 - 34, -5*f - 45 = -4*v. Suppose -39 - 6 = -v*d. Calculate the highest common factor of d and g.
3
Suppose 379 = 3*z - 2*g + 150, 3 = 3*g. Let u = -42 + z. Suppose -3*y + v = -92 - 13, -y + v + u = 0. Calculate the highest common factor of 14 and y.
7
Let c(t) = -5*t - 5. Let m be c(-5). Calculate the highest common divisor of 100 and m.
20
Let p be 1/1*2 - -2. Let v be 2 + 3 + -1 + -2. Suppose v*i + 30 = 5*i. What is the greatest common factor of i and p?
2
Suppose -12 - 12 = -3*w. Calculate the greatest common divisor of w and 4.
4
Suppose -26 = -4*b - 14. Suppose p = a + 3*a - 251, b*p - 335 = -5*a. Calculate the highest common divisor of a and 8.
8
Suppose 0*u + 5*u = 405. Calculate the highest common divisor of u and 27.
27
Let d(x) = 3 + 30*x - 3 - 102*x. Let b be d(-2). What is the greatest common factor of b and 18?
18
Let b be (-30)/(-2)*4/10. Let h(f) = 1141*f - 1134*f + 4 - 2. Let c be h(b). Calculate the highest common divisor of 4 and c.
4
Let u be (-3)/15 - (-41)/5. What is the greatest common divisor of u and 8?
8
Let d(p) = -p + 3. Let h be d(3). Suppose 3*t - 39 - 6 = h. What is the greatest common divisor of 15 and t?
15
Suppose 2*r - 32 = -2*r. Suppose -81 = -2*l + 143. Let h = -24 + l. Calculate the highest common divisor of h and r.
8
Suppose -4*y - 5*t = -41, -3*t + 16 = -y + t. Suppose -3*i - 2*i = -y*w - 217, 0 = 3*i - 4*w - 127. Calculate the highest common factor of i and 15.
15
Let p be (0 + 9/(-15))*-85. Let v = p - -21. Calculate the highest common factor of 8 and v.
8
Suppose 2*p = 297 + 183. Suppose 5*i - 35 = p. What is the greatest common factor of i and 5?
5
Let a be 12*(16/12)/1. Calculate the greatest common divisor of a and 16.
16
Suppose -2*w + 20 = 3*w. Let p(l) = 2*l + 6. Let c be p(w). What is the highest common factor of 42 and c?
14
Let h be (0 + 2)*-1 - -6. What is the highest common factor of h and 4?
4
Suppose -4*c + 5*s + 278 = 0, 5*c + 2*s = c + 292. Let u(t) = -2*t - 10. Let a be u(-9). Calculate the greatest common factor of a and c.
8
Suppose -88 = -2*l + 5*f - 2*f, 0 = l + 3*f - 62. Let b = 70 - l. Let q be (-240)/2*12/(-9). What is the highest common factor of b and q?
20
Suppose -w = 5*m + 2*w - 46, -2*m - 5*w = -26. Let h be ((-72)/3)/(6/m). Let f = 51 + h. What is the highest common divisor of f and 95?
19
Suppose 4 = -2*i, 8*x = 7*x - 5*i - 1. Calculate the greatest common factor of x and 144.
9
Suppose -1 - 4 = 5*f. Let c be f + 1 + 10*1. Calculate the greatest common divisor of 80 and c.
10
Let u = -21 + 29. Let h = u - 5. Let n = 2 - 0. What is the greatest common factor of h and n?
1
Suppose 0 = -7*d + 2*d + 450. Calculate the greatest common factor of d and 10.
10
Let i be 1/2 - 3/6. Suppose -5*r + i*r = -10. Calculate the greatest common divisor of r and 14.
2
Suppose -u + 69 - 3 = 0. Calculate the greatest common factor of u and 6.
6
Let i = -10 + 16. Suppose -3*g - g + 40 = 2*x, -4*x + 2*g + 100 = 0. What is the greatest common divisor of i and x?
6
Let t be 30/((-6)/(-45)*5). Calculate the highest common divisor of t and 9.
9
Let g(x) = x**3 + 5*x**2 - 8*x - 6. Let p be g(-6). What is the greatest common factor of p and 48?
6
Suppose k = -7*k + 216. Suppose -3*p + 9 = -4*a, 5 + 1 = 2*p + 3*a. Suppose p*q - 7*q + 36 = 0. Calculate the highest common factor of k and q.
9
Suppose -3*v = 0, 0*b + b + v = 2. Let l be (b + 13)*8/10. What is the highest common divisor of 36 and l?
12
Let j = 24 - 16. Calculate the highest common factor of 40 and j.
8
Suppose -5*x - 180 = -10*x. What is the highest common factor of 12 and x?
12
Let l(d) = -d**3 + 7*d**2 - 8*d + 10. Let y be l(5). Let i be 3 + 3*2/3. Calculate the highest common divisor of y and i.
5
Let w be (125/10)/(2/12). Let n(x) = x**3 - 7*x**2 - 10*x + 2. Let v be n(8). Let j = 29 + v. What is the greatest common divisor of j and w?
15
Let f = 4 - -1. Suppose 2*p - 5 = 2*b + 25, 4*b = 20. Calculate the highest common factor of p and f.
5
Let h be (-23)/(-7) + (-2)/7. What is the greatest common factor of h and 18?
3
Suppose 18 = -c + 4*c. Let t = 74 - 31. Suppose 2*o - t = 53. Calculate the greatest common divisor of c and o.
6
Let w = 75 + -30. What is the greatest common factor of 18 and w?
9
Let i be (-490)/(-18) + 2/(-9). Let m(b) = b**3 - 4*b**2 - 5*b + 1. Let v be m(5). Let h be v + -1 - 72/(-4). Calculate the greatest common divisor of h and i.
9
Suppose 7*i - 4*i = 54. Suppose 0*x - x = -i. What is the highest common factor of 6 and x?
6
Let m = -1 - -6. Let c = 4 + m. What is the highest common divisor of c and 3?
3
Let j = 29 - 18. What is the highest common factor of 33 and j?
11
Let i(x) = -x**2 + 7*x + 4. Let g be i(7). Let c = 22 - g. What is the highest common factor of 126 and c?
18
Suppose -3*c = 3*m - 231, -2*c + 6*c - 12 = 0. Suppose d - 2 = -5, -5*s = -3*d - m. Calculate the greatest common divisor of s and 104.
13
Let d(w) = -5*w + 15. Let c be d(-7). What is the greatest common divisor of c and 10?
10
Let h = 119 - 91. What is the greatest common factor of 7 and h?
7
Suppose 4*f + 52 = -0*f. Let q = f + 8. Let n = 13 + q. What is the highest common factor of n and 4?
4
Suppose -4*m = -3*m + 18. Let l = -13 - m. Let i = -25 + 40. What is the greatest common factor of i and l?
5
Suppose -4*q = -0*q - 8. Suppose 3*r - 50 = -q*t - 2*r, 4*t + 2*r - 68 = 0. What is the greatest common factor of t and 75?
15
Suppose 5 + 5 = 5*q. Suppose 4*h = q*h + 18. What is the greatest common factor of 72 and h?
9
Let c(s) = -s**3 + 13*s**2 - 11*s - 9. Let n be c(12). Suppose -19 + 1 = -n*h. Calculate the highest common factor of h and 4.
2
Let f(g) be the first derivative of -3*g**2/2 + 9*g + 3. Let j be f(-12). What is the highest common factor of j and 18?
9
Suppose 2*z - 322 - 8 = 0. Let t be (-1 - (-2)/4)*-4. Suppose -34 + 4 = -t*b. What is the highest common factor of z and b?
15
Suppose a + 3*m = 6, a - 3*m + 8*m = 6. What is the greatest common divisor of a and 24?
6
Suppose -8 = 7*s - 624. Suppose 3*w - 2*u - 3 = 11, 5*u - 10 = 0. Let r = 2 + w. Calculate the greatest common divisor of r and s.
8
Let l be (-24)/20*55/(-2). Let n be l - (-4)/((-6)/(-3)). Calculate the highest common factor of 7 and n.
7
Suppose 0 = -2*p - 2*p - 5*k + 151, 111 = 3*p + 3*k. Suppose 4*v = 3*x - 31, x - v - 4 - 8 = 0. What is the highest common factor of x and p?
17
Suppose 20 = 5*p, -91 = -5*g - p - 3*p. Let h = -630 + 361. Let u = 404 + h. Calculate the greatest common divisor of u and g.
15
Let d = -36 - -39. What is the highest common divisor of 12 and d?
3
Let h = -71 + 107. Suppose 0*o - 10 = -m + 5*o, -2*o = -2*m + h. Let p = 12 - 4. What is the highest common factor of m and p?
4
Suppose 0 = -5*j - 20, -2*t + 0*j + 14 = -3*j. Let d be 4/(((-2)/(-5))/t). Calculate the greatest common factor of 10 and d.
10
Suppose 1 = -y - 0*y. Let m be y/(-6) - (-85)/30. Calculate the greatest common factor of m and 3.
3
Suppose -4*b + 5*n + 61 = -0*b, 3*n = -3*b + 12. Let f = b - -3. Calculate the highest common factor of f and 12.
12
Let u = -6 + 9. Let a(s) = s + 12. Let l be a(0). Let b be (1/2)/(2/l). Calculate the greatest common factor of u and b.
3
Let o = 112 + -182. Let p = o + 151. What is the greatest common factor of p and 9?
9
Suppose -6 = 4*c + 2*b + 86, -c + b - 29 = 0. Let k = 115 + c. Suppose -6*u - 3*g + k = -u, -2*g - 18 = -u. What is the greatest common divisor of 72 and u?
18
Let y(o) = -13*o**3 + 2*o + 1. Let d be y(-1). Calculate the highest common divisor of d and 12.
12
Let a = -19 + 24. Let o = -95 - -135. What is the greatest common divisor of o and a?
5
Suppose p + 4*b - 39 = 0, p + 11 = 4*b + 74. Calculate the greatest common factor of p and 153.
51
Let d = -6 + 9. Let b be 0*d/(-6) - 140. Let q = b + 205. Calculate the greatest common factor of q and 13.
13
Suppose 0 = -4*h + 5*b + 15, -4*h - 3*b + 0 = 9. Let k = 0 - h. Let f = k - -9. What is the highest common divisor o